3*z, 2*y + 68811 - 178871 = 3*z. Is y a composite number?
False
Let r(l) = -45 + 10 - 24 + 6 - 1588*l - 10. Is r(-4) a composite number?
True
Suppose -5*j = 4*z - 67190, -3*j = 8 - 2. Let s = 34003 - z. Is s a prime number?
True
Suppose 27*j + 2271 - 5835 = 0. Let n = j - -105. Is n a composite number?
True
Let w(v) = 9730*v**2 - 19*v - 97. Is w(-10) prime?
False
Suppose 3*j + 4*l + 185 = 0, -5*j = -4*l + 385 - 66. Let y = 68 + j. Is 3/7 + ((-26270)/(-35) - y) a prime number?
False
Suppose 4*d = 3*z + 380551, -4*d - 5*z + 80418 = -300189. Is d prime?
True
Let r(t) = 19*t**2 + 2. Let i be r(-1). Let m be 1*(-4)/4 + 2 - i. Is ((-709)/2)/((-5)/m*-2) prime?
True
Let t = 57489 - 5704. Is t a composite number?
True
Let r be 6/24 + (-53491)/(-4). Let w = r - 9420. Is w composite?
True
Let f(b) = 3*b**2 + 53*b - 10. Let h be f(-18). Suppose v + 7944 = 4*c, 23*v - 21*v = -h. Is c a prime number?
False
Let i = 13474 + -19062. Let j = i + 11569. Is j a composite number?
False
Let j = 9 - 5. Suppose -j*l = y - 0*y + 2017, 518 = -l - 3*y. Let i = -18 - l. Is i a prime number?
False
Let i = 550301 + -389752. Is i prime?
False
Let b(z) = 99*z**2 + 13*z - 65. Is b(3) a composite number?
True
Let b = -233273 + 376228. Is b a composite number?
True
Suppose -2*t + 10091 + 9755 = 0. Suppose f + v = 1983, -5*f - 2*v + t = v. Is f a composite number?
False
Let f(c) = 280*c**3 - 14*c**2 - 3*c. Let m(n) = -279*n**3 + 13*n**2 + 4*n + 1. Let w(x) = 2*f(x) + 3*m(x). Is w(-3) a prime number?
False
Suppose 50*i - 3651387 - 3310663 = 0. Is i composite?
False
Let r = 8 - 1. Let a = -4 + r. Suppose -542 = -a*c + 8785. Is c prime?
True
Let o(r) = -r**3 - 19*r**2 - 17*r + 18. Let k be o(-18). Suppose k = 5*t - 5*p + 4*p - 13, -4*t - 7 = 5*p. Suppose -548 - 296 = -t*c. Is c a composite number?
True
Let m(h) = -46*h - 713. Is m(-18) composite?
True
Let m be (-5)/(-10)*2762 - -6. Let g = m - -1204. Is g a composite number?
False
Suppose 11902671 = -378*p + 477*p. Is p a composite number?
True
Let k = 43632 - 15283. Is k a prime number?
True
Let h be ((-139)/2)/(14/(-840)). Suppose -2*o = -h - 9296. Is o composite?
False
Suppose 17*g + 1131111 = 22*g + 4*v, 4*g + 3*v = 904889. Is g prime?
False
Suppose -52714 = -u - 5*x, -113*u + 3*x + 158196 = -110*u. Is u prime?
False
Let a(w) = -7*w**3 + 19*w**2 + 8*w + 35. Let r(j) = j**3 - 1. Let f(s) = a(s) + 6*r(s). Suppose 246 - 111 = 9*l. Is f(l) a prime number?
True
Suppose i - 245967 = m, -5*m - 2705657 = -11*i - 4*m. Is i a prime number?
False
Suppose -3909625 = -3291*y + 3266*y. Is y composite?
True
Is 105/10*((-45367)/(-21) + 7) a prime number?
False
Let x = 174810 - 53767. Is x composite?
True
Let w(u) = 8*u**2 - 24*u - 8. Let b be w(6). Is 21520/6 + (b/(-24) - -6) a composite number?
True
Let t = 30191 - 11558. Is t a prime number?
False
Suppose -2*r = 1 - 5, 0 = -4*y - 5*r + 1922. Let d be y/(-7) + 26/91. Let z = 225 - d. Is z a composite number?
False
Let d be (1/2 - (-12)/8)*-38. Let h = 75 + d. Let k(p) = 1153*p**2 - 2*p - 1. Is k(h) prime?
False
Let j(x) = 481*x + 305. Is j(38) a prime number?
True
Let g = 22124 - 6186. Suppose 5384 = 7*u - g. Is u a composite number?
True
Let z = -3113 + 6461. Suppose -2*s - 24205 = -5*t, -1493 - z = -t - 5*s. Is t a prime number?
False
Let u(k) = 3*k**2 - 10*k + 15. Let i be u(-12). Let g = i + 190. Suppose -4*f - 3*l + 723 + 2294 = 0, -g = -f + 2*l. Is f composite?
True
Suppose v - 14 = -2*m - 17, 39 = -5*v + 2*m. Is ((-156674)/16)/v + (-4)/(-32) prime?
True
Let s(f) = -1018*f**3 - 18*f**2 - 6*f - 7. Is s(-5) composite?
False
Is (6072/36)/(-22)*-1299 composite?
True
Let l(n) = 163*n**3 - 4*n**2 - 2*n + 12. Let m(p) = 2*p**3 - p**2 - p + 1. Let r(j) = l(j) + m(j). Is r(4) a prime number?
False
Let y be (-6)/(-21) + 40/7. Is (4/y)/((-16)/(-129672)) prime?
False
Let m(d) = -30 + 36 + 3*d**2 - 11 - 7*d. Is m(-12) a composite number?
True
Let z(u) = 191*u + 24. Let w be z(-16). Let b = w + 7533. Is b composite?
True
Let d(l) = 344*l**3 - 6*l**2 - 28*l + 223. Is d(6) a prime number?
True
Let d = 8 - 58. Suppose 624 = -0*g + 3*g. Let p = d + g. Is p a composite number?
True
Let v(x) = -11 + 315*x**2 - 15 + 227*x**2 - 15*x + 103. Is v(4) prime?
True
Let t(h) = -332019*h + 5951. Is t(-2) a composite number?
False
Let b = -698567 + 993196. Is b prime?
True
Let f = -37 + 29. Let t = -4 - f. Suppose 3*y + 144 = 2*b, 0*y + 2*y - 272 = -t*b. Is b prime?
False
Let k(j) = -310665*j**3 - 12*j**2 - 13*j - 3. Is k(-1) prime?
True
Suppose 42 = -3*o - y - 152, -y - 68 = o. Let c = o - -176. Is c a prime number?
True
Let z = -129 + 153. Suppose -252467 + 491 = -z*k. Is k prime?
True
Suppose -3*u + 36172 = -4*w - 78187, 2*u - 76211 = -3*w. Is u composite?
False
Suppose 0 = -5*v + 176 - 36. Is (v/(-36) - -1) + (-35089)/(-9) a composite number?
True
Let f(i) = 144819*i + 2735. Is f(4) composite?
False
Let d(a) = -7*a**3 + 6*a**2 - 6*a + 5. Let m be d(5). Let o = 1337 + m. Is o a composite number?
False
Let i(u) = 7*u**3 - u**2 - 87*u - 20. Let f be i(14). Let q = -3933 + f. Is q a prime number?
True
Suppose -z - 3*z + 5*i = 674, -492 = 3*z + 3*i. Suppose f + 19 = 5*c, -2*c = 4*f + f + 14. Is 9 + -8 - z*c composite?
False
Let r(a) = a**3 - 4*a**2 - 4*a + 4. Let c be r(5). Let i = -583 + 989. Let n = i - c. Is n composite?
False
Let q be (10 - 8)/(2/308). Suppose 4*g - 11*g = -q. Suppose 1795 = -39*l + g*l. Is l composite?
False
Let d = -4811 - -208678. Is d a prime number?
False
Let z(j) = j**3 - 4*j**2 - 13*j + 7. Let a = -57 - -63. Let k be z(a). Is 1/(-4) - (k + (-20946)/8) a composite number?
False
Suppose 4879*o = 4913*o - 8824928 - 2787942. Is o a prime number?
False
Let d(s) be the third derivative of 709*s**4/24 - 17*s**2. Suppose 6*r = 10 - 4. Is d(r) prime?
True
Let n = 98 + -94. Suppose -o - 5*p + 24232 = 0, 2*o - 41145 = n*p + 7389. Is o a prime number?
False
Suppose 1193 = 7*h + 108. Suppose h*x = 161*x - 27714. Is x composite?
True
Suppose -95*i = 3*i - 2532418. Is i composite?
False
Let j(d) = -551*d**2 + 17*d + 80. Let q be j(-16). Is (6/(-4))/(1695024/q + 12) prime?
False
Suppose 0 = 8*f - 7 + 39. Let u be (-16)/(-1 - 2/f). Suppose l - 26 = u. Is l prime?
False
Let y be 37690/9 - (-4)/18. Suppose 14120 = 4*p - y. Is p prime?
False
Let w(h) = -37942*h**3 - 2*h**2 + 13*h - 12. Let d be w(1). Let j = -21780 - d. Is j a composite number?
True
Let v be (-2191356)/957 - ((-4)/(-22) - 0). Let d = -1031 - v. Is d a composite number?
False
Let z(q) = -3445*q + 2298. Is z(-11) composite?
False
Let c = 103243 + -54846. Is c a composite number?
False
Suppose 657072 - 48501 = l - 5*f, 3*l = f + 1825741. Is l a composite number?
False
Suppose 2*d - 2*l = 634794, -952163 = -3*d - 26*l + 22*l. Is d prime?
False
Let p(l) = -231*l - 65. Suppose 3*y + 2*w - 30 = 5*y, -5*y + w - 63 = 0. Is p(y) prime?
True
Suppose 37*v = 20*v + 1795319. Is v composite?
False
Let s(r) = -13*r + 4. Let c be s(6). Is -3 + -1 - 160210/c composite?
False
Let s be 28/(-196) + (-58)/(-14). Let c(b) = 3*b**3 + b**2 + 4*b - 13. Is c(s) prime?
True
Let p(h) = -6*h**3 + h**2 + 23*h + 18. Let n be p(17). Is ((-1)/(-4))/((-5)/n) prime?
True
Let g = 31 - -89. Suppose -d - 5*y = -g - 217, -2*d + 709 = 3*y. Is d a prime number?
False
Let o be 370/4*1872/130. Suppose 4*j = p - 88 - 343, 0 = 3*p + j - o. Is p a prime number?
True
Is 12778004/970 - (-1)/(-5) - (5 - 1) a composite number?
True
Let k(c) = 8*c**2 - 86*c + 600. Let w be k(8). Suppose 5*j = 6*y - 3*y + 66, 0 = -y - 2. Suppose -x - w = -5*x - 5*d, -j = 3*d. Is x a composite number?
True
Suppose 0*p - 4*p + 4*m = -416588, -p = 3*m - 104147. Is p a composite number?
False
Suppose -46*y + 56 = -39*y. Suppose y*o - 31399 = -9*o. Is o a prime number?
True
Let k = -2252 + 3489. Suppose 2*t + s - 2510 = 0, -t + 2*s = 7*s - k. Suppose -33*u - t = -36*u. Is u prime?
True
Let r(c) = -55*c + 49. Suppose 84 = -3*v - j, -158 = 4*v + 4*j - 46. Let l be r(v). Suppose -3*n + 206 = 4*g - 739, -2*g + l = 5*n. Is n prime?
False
Let w(u) = 28*u**3 + 4*u**2. Let p(o) = o + 4. Let i be p(-2). Let y be w(i). Suppose -5*m - 55 + y = 0. Is m a composite number?
False
Let g(v) = -446 - v**2 - v + 440 - 3*v**2 + 2*v**3 + 12*v**3. Is g(5) a composite number?
True
Let t(r) = 2*r + 27. Let m be t(-9). Suppose m = 3*c 